{"id":416,"date":"2025-04-16T17:57:14","date_gmt":"2025-04-16T17:57:14","guid":{"rendered":"https:\/\/andreas.memudelight.com\/?post_type=video&#038;p=416"},"modified":"2025-04-16T17:57:14","modified_gmt":"2025-04-16T17:57:14","slug":"konzert-teaser-mit-auszuegen-aus-werken-fuer-klarinettentrio-live-aufnahme-eines-konzerts-mit-fabio-di-casola-in-zuerich-2017","status":"publish","type":"video","link":"https:\/\/andreasgraf.com\/en\/video\/konzert-teaser-mit-auszuegen-aus-werken-fuer-klarinettentrio-live-aufnahme-eines-konzerts-mit-fabio-di-casola-in-zuerich-2017\/","title":{"rendered":"Konzert-Teaser mit Ausz\u00fcgen aus Werken f\u00fcr Klarinettentrio, Live-Aufnahme eines Konzerts mit Fabio Di Casola in Z\u00fcrich 2017"},"excerpt":{"rendered":"","protected":false},"featured_media":0,"template":"","class_list":["post-416","video","type-video","status-publish","hentry"],"acpt":{"meta":[{"meta_box":"video-fields","meta_fields":[{"name":"youtube-or-vimeo-url","type":"Url","options":[],"value":"https:\/\/youtu.be\/09ASKEVrNvI","default":"","required":false,"showInAdmin":false,"advancedOptions":[]},{"name":"video-cover-image","type":"Image","options":[],"value":null,"default":"","required":false,"showInAdmin":false,"advancedOptions":[]}]}]},"_links":{"self":[{"href":"https:\/\/andreasgraf.com\/en\/wp-json\/wp\/v2\/video\/416","targetHints":{"allow":["GET"]}}],"collection":[{"href":"https:\/\/andreasgraf.com\/en\/wp-json\/wp\/v2\/video"}],"about":[{"href":"https:\/\/andreasgraf.com\/en\/wp-json\/wp\/v2\/types\/video"}],"wp:attachment":[{"href":"https:\/\/andreasgraf.com\/en\/wp-json\/wp\/v2\/media?parent=416"}],"curies":[{"name":"wp","href":"https:\/\/api.w.org\/{rel}","templated":true}]}}

Konzert-Teaser mit Auszügen aus Werken für Klarinettentrio, Live-Aufnahme eines Konzerts mit Fabio Di Casola in Zürich 2017
